--------- beginning of /dev/log/main
D/dalvikvm(10261): GC_CONCURRENT freed 2032K, 26% free 8087K/10920K, paused 8ms+4ms, total 93ms
D/dalvikvm( 658): GC_FOR_ALLOC freed 1114K, 27% free 22193K/30392K, paused 91ms, total 92ms --------- beginning of /dev/log/system
I/ActivityManager( 658): START u0 {act=android.intent.action.MAIN cat=[android.intent.category.HOME] flg=0x10200000 cmp=com.teslacoilsw.launcher/com.android.launcher2.Launcher} from pid 658
D/dalvikvm( 934): GC_FOR_ALLOC freed 1054K, 42% free 11327K/19268K, paused 32ms, total 34ms
D/dalvikvm( 658): GC_FOR_ALLOC freed 938K, 28% free 22012K/30392K, paused 91ms, total 91ms
D/dalvikvm( 1094): GC_FOR_ALLOC freed 2668K, 28% free 13573K/18788K, paused 52ms, total 52ms
D/ALSADevice( 255): route: devices 0x2 in mode 0
D/ALSADevice( 255): No valid input device: 0
D/alsa_ucm( 255): snd_use_case_set(): uc_mgr 0x400b2fd0 identifier _disdev value Speaker
D/alsa_ucm( 255): disdev: device Speaker not enabled, no need to disable
D/alsa_ucm( 255): snd_use_case_set(): uc_mgr 0x400b2fd0 identifier _enadev value Speaker
D/ALSADevice( 255): switchDevice: mCurTxUCMDevivce DMIC Endfire mCurRxDevDevice Speaker
I/ALSADevice( 255): a2220: txDevice=(null) rxDevice=Speaker
D/alsa_ucm( 255): snd_use_case_set(): uc_mgr 0x400b2fd0 identifier _verb value HiFi
D/alsa_ucm( 255): Set mixer controls for Speaker enable 1
D/alsa_ucm( 255): acdb_id 15 cap 1 enable 1
D/ACDB-LOADER( 255): ACDB -> send_audio_cal, acdb_id = 15, path = 0
D/ACDB-LOADER( 255): ACDB -> send_adm_topology
D/ACDB-LOADER( 255): ACDB -> ACDB_CMD_GET_AUDPROC_COMMON_TOPOLOGY_ID
D/ACDB-LOADER( 255): ACDB -> send_audtable
D/ACDB-LOADER( 255): ACDB -> ACDB_CMD_GET_AUDPROC_COMMON_TABLE
D/ACDB-LOADER( 255): ACDB -> AUDIO_SET_AUDPROC_CAL
D/ACDB-LOADER( 255): ACDB -> send_audvoltable
D/ACDB-LOADER( 255): ACDB -> ACDB_CMD_GET_AUDPROC_GAIN_DEP_VOLTBL_STEP_COPP
D/ACDB-LOADER( 255): ACDB -> AUDIO_SET_AUDPROC_VOL_CAL
D/ACDB-LOADER( 255): ACDB -> send_afe_cal
D/ACDB-LOADER( 255): ACDB -> ACDB_CMD_GET_AFE_COMMON_TABLE
E/ACDB-LOADER( 255): Error: ACDB AFE returned = -8
D/ACDB-LOADER( 255): ACDB -> AUDIO_SET_AFE_CAL
D/alsa_ucm( 255): Setting mixer control: PRI_RX Channels, value: Two
D/alsa_ucm( 255): Setting mixer control: RX5 MIX1 INP1, value: RX1
D/alsa_ucm( 255): Setting mixer control: RX5 MIX1 INP2, value: RX2
D/alsa_ucm( 255): Setting mixer control: RX6 DSM MUX, value: DSM_INV
D/alsa_ucm( 255): Setting mixer control: LINEOUT2 Volume, value: 100
D/alsa_ucm( 255): Setting mixer control: LINEOUT4 Volume, value: 100
D/alsa_ucm( 255): Setting mixer control: RX5 Digital Volume, value: 65
D/alsa_ucm( 255): Set mixer controls for HiFi enable 1
D/alsa_ucm( 255): Setting mixer control: PRI_RX Audio Mixer MultiMedia1, value: 1
D/ALSADevice( 255): close: handle 0x402fcd58 h 0x0
D/ALSADevice( 255): open: handle 0x402fcd58, format 0x2
D/ALSADevice( 255): Device value returned is hw:0,0
I/ActivityManager( 658): START u0 {act=android.intent.action.MAIN cat=[android.intent.category.LAUNCHER] flg=0x10200000 cmp=org.scummvm.scummvm/.Unpacker bnds=[10,956][150,1135]} from pid 1094
D/ALSADevice( 255): handle->format: 0x2
D/ALSADevice( 255): setHardwareParams: reqBuffSize 2048 channels 2 sampleRate 48000
D/setcpu ( 9672): Active Profile: App ScummVM
D/setcpu ( 9672): Priority: 49
D/setcpu ( 9672): Actions: [com.mhuang.overclocking.profiles.action.CpuFrequencyAction@41739390, com.mhuang.overclocking.profiles.action.CpuGovernorAction@4173a6f0, com.mhuang.overclocking.profiles.action.NotificationAction@4173ba60]
D/setcpu ( 9672): Exclusive: true
D/ALSADevice( 255): setHardwareParams: buffer_size 16384, period_size 2048, period_cnt 8
I/ActivityManager( 658): Start proc org.scummvm.scummvm for activity org.scummvm.scummvm/.Unpacker: pid=10491 uid=10051 gids={50051, 1015, 1028}
I/dalvikvm(10491): Turning on JNI app bug workarounds for target SDK version 8...
I/InputReader( 658): Reconfiguring input devices. changes=0x00000004
I/InputReader( 658): Device reconfigured: id=14, name='sec_touchscreen', size 720x1280, orientation 1, mode 1, display id 0
I/ActivityManager( 658): Config changes=1480 {0.85 311mcc480mnc en_US ldltr sw360dp w640dp h335dp 320dpi nrml long land finger -keyb/v/h dpad/v s.18 themeResource=null} I/uk.co.jasonfry.android.tools.ui.PageControl( 1059): Initialising PageControl I/uk.co.jasonfry.android.tools.ui.PageControl( 1059): Initialising PageControl I/uk.co.jasonfry.android.tools.ui.PageControl( 1059): Initialising PageControl I/uk.co.jasonfry.android.tools.ui.PageControl( 1059): Initialising PageControl I/uk.co.jasonfry.android.tools.ui.PageControl( 1059): Initialising PageControl I/uk.co.jasonfry.android.tools.ui.SwipeView( 1059): Initialising SwipeView
D/dalvikvm( 934): GC_FOR_ALLOC freed 1829K, 41% free 11404K/19268K, paused 73ms, total 75ms
I/dalvikvm-heap( 934): Grow heap (frag case) to 20.341MB for 7372816-byte allocation I/uk.co.jasonfry.android.tools.ui.SwipeView( 1059): Initialising SwipeView
D/dalvikvm( 934): GC_CONCURRENT freed 14K, 30% free 18590K/26472K, paused 22ms+17ms, total 138ms
I/ActivityManager( 658): Start proc com.tmobile.thememanager for content provider com.tmobile.thememanager/.provider.ThemesProvider: pid=10514 uid=1300 gids={41300, -1, 1028}
D/dalvikvm( 253): GC_EXPLICIT freed 39K, 79% free 2302K/10660K, paused 2ms+2ms, total 28ms
D/dalvikvm( 253): GC_EXPLICIT freed <1K, 79% free 2302K/10660K, paused 2ms+2ms, total 27ms
D/dalvikvm( 253): GC_EXPLICIT freed <1K, 79% free 2302K/10660K, paused 2ms+2ms, total 27ms
I/ActivityManager( 658): Displayed org.scummvm.scummvm/.Unpacker: +872ms I/uk.co.jasonfry.android.tools.ui.SwipeView( 1059): Initialising SwipeView
D/BluetoothAdapter( 934): 1098783224: getState() : mService = null. Returning STATE_OFF
I/Choreographer( 934): Skipped 66 frames! The application may be doing too much work on its main thread.
I/Choreographer( 1094): Skipped 64 frames! The application may be doing too much work on its main thread.
V/PhoneStatusBar( 934): setLightsOn(true)
I/ThemeManager(10514): VerifyInstalledThemesThread took 444 ms. I/uk.co.jasonfry.android.tools.ui.SwipeView( 1059): Initialising SwipeView I/uk.co.jasonfry.android.tools.ui.SwipeView( 1059): Initialising SwipeView
D/dalvikvm( 1059): GC_CONCURRENT freed 6275K, 44% free 11395K/20320K, paused 7ms+28ms, total 151ms
D/dalvikvm( 1059): WAIT_FOR_CONCURRENT_GC blocked 112ms
I/ScummVM (10491): Starting next activity with intent Intent { flg=0x1000000 cmp=org.scummvm.scummvm/.ScummVMActivity (has extras) }
I/ActivityManager( 658): START u0 {flg=0x1000000 cmp=org.scummvm.scummvm/.ScummVMActivity (has extras)} from pid 10491
D/dalvikvm( 658): GC_FOR_ALLOC freed 2009K, 29% free 21678K/30392K, paused 244ms, total 252ms
D/dalvikvm(10491): Trying to load lib /data/data/org.scummvm.scummvm/cache/libscummvm.so 0x416c5660
D/ALSADevice( 255): standby: handle 0x402fcd58 h 0x0
D/dalvikvm(10491): Added shared lib /data/data/org.scummvm.scummvm/cache/libscummvm.so 0x416c5660
D/ScummVM (10491): Hover available: true
D/ScummVM (10491): onStart
D/ScummVM (10491): onResume
V/PhoneStatusBar( 934): setLightsOn(true)
D/ScummVM (10491): surfaceCreated
D/ScummVM (10491): surfaceChanged: 1280x720 (4)
D/dalvikvm( 1059): GC_CONCURRENT freed 1605K, 37% free 12822K/20320K, paused 16ms+25ms, total 193ms
D/dalvikvm( 1059): WAIT_FOR_CONCURRENT_GC blocked 153ms
D/alsa_ucm( 255): snd_use_case_set(): uc_mgr 0x400b2fd0 identifier _verb value Inactive
D/alsa_ucm( 255): Set mixer controls for HiFi enable 0
D/alsa_ucm( 255): Setting mixer control: PRI_RX Audio Mixer MultiMedia1, value: 0
D/alsa_ucm( 255): snd_use_case_set(): uc_mgr 0x400b2fd0 identifier _disdev value DMIC Endfire
D/alsa_ucm( 255): disdev: device DMIC Endfire not enabled, no need to disable
D/alsa_ucm( 255): snd_use_case_set(): uc_mgr 0x400b2fd0 identifier _disdev value Speaker
D/alsa_ucm( 255): Set mixer controls for Speaker enable 0
D/alsa_ucm( 255): Setting mixer control: RX5 MIX1 INP1, value: ZERO
D/alsa_ucm( 255): Setting mixer control: RX5 MIX1 INP2, value: ZERO
D/alsa_ucm( 255): Setting mixer control: LINEOUT2 Volume, value: 0
D/alsa_ucm( 255): Setting mixer control: LINEOUT4 Volume, value: 0
D/alsa_ucm( 255): Setting mixer control: RX5 Digital Volume, value: 0
D/AudioUsbALSA( 255): exitPlaybackThread, mproxypfdPlayback: -1
I/ScummVM (10491): Using 24576 bytes buffer for 48000Hz audio
D/libEGL (10491): loaded /system/lib/egl/libEGL_adreno200.so
D/libEGL (10491): loaded /system/lib/egl/libGLESv1_CM_adreno200.so
D/libEGL (10491): loaded /system/lib/egl/libGLESv2_adreno200.so
D/dalvikvm( 658): GC_EXPLICIT freed 125K, 28% free 21962K/30392K, paused 15ms+47ms, total 431ms
I/Adreno200-EGL(10491): : EGL 1.4 QUALCOMM build: Nondeterministic AU_full_mako_PARTNER-ANDROID/JB-MR1-DEV_CL2961380_release_AU (CL2961380)
I/Adreno200-EGL(10491): Build Date: 12/10/12 Mon I/Adreno200-EGL(10491): Local Branch:
I/Adreno200-EGL(10491): Remote Branch: m/partner-android/jb-mr1-dev
I/Adreno200-EGL(10491): Local Patches: NONE
I/Adreno200-EGL(10491): Reconstruct Branch: NOTHING
I/ActivityManager( 658): Displayed org.scummvm.scummvm/.ScummVMActivity: +364ms
D/ScummVM (10491): EGL configs:
D/ScummVM (10491): [1] RGB565 W P (10060)
D/ScummVM (10491): [2] RGB565 D16 W P (10034)
D/ScummVM (10491): [3] RGB565 D24 S8 W P (10008)
D/ScummVM (10491): [4] RGBA8888 W P (10034)
D/ScummVM (10491): [5] RGBA8888 D16 W P (10008)
D/ScummVM (10491): [6] RGBA8888 D24 S8 W P (9982)
D/ScummVM (10491): [7] RGB888 W P (10052)
D/ScummVM (10491): [8] RGB888 D16 W P (10026)
D/ScummVM (10491): [9] RGB888 D24 S8 W P (10000)
D/ScummVM (10491): [10] RGBA8888 W SLOW (9034)
D/ScummVM (10491): [11] RGBA8888 D16 W SLOW (9008)
D/ScummVM (10491): [12] RGBA8888 D24 S8 W SLOW (8982)
D/ScummVM (10491): [13] RGB565 MSAAx2 W P NON_CONFORMANT unknown CAVEAT 0x3051 (8860)
D/ScummVM (10491): [14] RGB565 D16 MSAAx2 W P NON_CONFORMANT unknown CAVEAT 0x3051 (8834)
D/ScummVM (10491): [15] RGB565 D24 S8 MSAAx2 W P NON_CONFORMANT unknown CAVEAT 0x3051 (8808)
D/ScummVM (10491): [16] RGBA8888 MSAAx2 W P NON_CONFORMANT unknown CAVEAT 0x3051 (8834)
D/ScummVM (10491): [17] RGBA8888 D16 MSAAx2 W P NON_CONFORMANT unknown CAVEAT 0x3051 (8808)
D/ScummVM (10491): [18] RGBA8888 D24 S8 MSAAx2 W P NON_CONFORMANT unknown CAVEAT 0x3051 (8782)
D/ScummVM (10491): [19] RGB888 MSAAx2 W P NON_CONFORMANT unknown CAVEAT 0x3051 (8852)
D/ScummVM (10491): [20] RGB888 D16 MSAAx2 W P NON_CONFORMANT unknown CAVEAT 0x3051 (8826)
D/ScummVM (10491): [21] RGB888 D24 S8 MSAAx2 W P NON_CONFORMANT unknown CAVEAT 0x3051 (8800)
D/ScummVM (10491): [22] RGBA8888 MSAAx2 W NON_CONFORMANT unknown CAVEAT 0x3051 (8834)
D/ScummVM (10491): [23] RGBA8888 D16 MSAAx2 W NON_CONFORMANT unknown CAVEAT 0x3051 (8808)
D/ScummVM (10491): [24] RGBA8888 D24 S8 MSAAx2 W NON_CONFORMANT unknown CAVEAT 0x3051 (8782)
D/ScummVM (10491): [25] RGB565 MSAAx4 W P (9660)
D/ScummVM (10491): [26] RGB565 D16 MSAAx4 W P (9634)
D/ScummVM (10491): [27] RGB565 D24 S8 MSAAx4 W P (9608)
D/ScummVM (10491): [28] RGBA8888 MSAAx4 W P (9634)
D/ScummVM (10491): [29] RGBA8888 D16 MSAAx4 W P (9608)
D/ScummVM (10491): [30] RGBA8888 D24 S8 MSAAx4 W P (9582) I/uk.co.jasonfry.android.tools.ui.PageControl( 1059): Initialising PageControl
D/ScummVM (10491): [31] RGB888 MSAAx4 W P (9652)
D/ScummVM (10491): [32] RGB888 D16 MSAAx4 W P (9626) I/uk.co.jasonfry.android.tools.ui.PageControl( 1059): Initialising PageControl
D/ScummVM (10491): [33] RGB888 D24 S8 MSAAx4 W P (9600) I/uk.co.jasonfry.android.tools.ui.PageControl( 1059): Initialising PageControl
D/ScummVM (10491): [34] RGBA8888 MSAAx4 W SLOW (8634) I/uk.co.jasonfry.android.tools.ui.PageControl( 1059): Initialising PageControl
D/ScummVM (10491): [35] RGBA8888 D16 MSAAx4 W SLOW (8608) I/uk.co.jasonfry.android.tools.ui.PageControl( 1059): Initialising PageControl
D/ScummVM (10491): [36] RGBA8888 D24 S8 MSAAx4 W SLOW (8582)
D/ScummVM (10491): Chosen EGL config: [1] RGB565 W P I/uk.co.jasonfry.android.tools.ui.PageControl( 1059): Initialising PageControl
I/ScummVM (10491): ScummVM 1.6.0git3989-g0031c41 (May 3 2013 04:18:58)
I/ScummVM (10491): Running on: [samsung] [SCH-I535] [Verizon] [Verizon/d2vzw/d2vzw:4.1.2/JZO54K/I535VRBMB1:user/release-keys] [cm_d2vzw-userdebug 4.2.2 JDQ39 eng..20130411.122234 test-keys] SDK:17 ABI:armeabi-v7a
I/ScummVM (10491): Entering scummvm_main with 4 args
D/ScummVM (10491): Using configuration file: /data/data/org.scummvm.scummvm/files/scummvmrc I/uk.co.jasonfry.android.tools.ui.SwipeView( 1059): Initialising SwipeView I/uk.co.jasonfry.android.tools.ui.SwipeView( 1059): Initialising SwipeView I/uk.co.jasonfry.android.tools.ui.SwipeView( 1059): Initialising SwipeView I/uk.co.jasonfry.android.tools.ui.SwipeView( 1059): Initialising SwipeView I/uk.co.jasonfry.android.tools.ui.SwipeView( 1059): Initialising SwipeView I/uk.co.jasonfry.android.tools.ui.SwipeView( 1059): Initialising SwipeView
I/Choreographer( 1059): Skipped 214 frames! The application may be doing too much work on its main thread.
W/IInputConnectionWrapper( 1094): showStatusIcon on inactive InputConnection
W/ScummVM (10491): WARNING: Failed loading symbol 'PLUGIN_getVersion' from plugin '/data/data/org.scummvm.scummvm/cache/libscummvm.so' (Symbol not found: )!
D/ScummVM (10491): initializing surface
I/ScummVM (10491): Using EGL 1.4 Android META-EGL (Android); GL OpenGL ES-CM 1.1 V@6.0 AU@/Adreno (TM) 225 (Qualcomm)
I/ScummVM (10491): Extensions: GL_EXT_debug_marker GL_AMD_compressed_ATC_texture GL_AMD_performance_monitor GL_APPLE_texture_2D_limited_npot GL_ARB_vertex_buffer_object GL_EXT_texture_filter_anisotropic GL_EXT_texture_format_BGRA8888 GL_EXT_texture_type_2_10_10_10_REV GL_OES_blend_equation_separate GL_OES_blend_func_separate GL_OES_blend_subtract GL_OES_compressed_ETC1_RGB8_texture GL_OES_compressed_paletted_texture GL_OES_depth_texture GL_OES_depth24 GL_OES_draw_texture GL_OES_EGL_image GL_OES_EGL_image_external GL_OES_framebuffer_object GL_OES_matrix_palette GL_OES_packed_depth_stencil GL_OES_point_size_array GL_OES_point_sprite GL_OES_read_format GL_OES_rgb8_rgba8 GL_OES_stencil_wrap GL_OES_texture_cube_map GL_OES_texture_env_crossbar GL_OES_texture_float GL_OES_texture_half_float GL_OES_texture_half_float_linear GL_OES_texture_npot GL_OES_texture_mirrored_repeat GL_QCOM_binning_control GL_QCOM_extended_get GL_QCOM_tiled_rendering GL_AMD_compressed_3DC_texture
D/ScummVM (10491): initializing viewport
I/ScummVM (10491): overlay size is 640x360
D/dalvikvm( 7865): GC_FOR_ALLOC freed 3296K, 24% free 13269K/17272K, paused 137ms, total 137ms
D/dalvikvm(10261): GC_CONCURRENT freed 1935K, 26% free 8093K/10920K, paused 7ms+7ms, total 122ms
D/dalvikvm(10261): GC_CONCURRENT freed 1939K, 26% free 8088K/10920K, paused 4ms+6ms, total 100ms
E/dalvikvm(10491): JNI ERROR (app bug): local reference table overflow (max=512)
W/dalvikvm(10491): JNI local reference table (0x73497018) dump:
W/dalvikvm(10491): Last 10 entries (of 512):
W/dalvikvm(10491): 511: 0x41a2b9a0 java.lang.String "04000FD1"
W/dalvikvm(10491): 510: 0x416c0ed8 android.content.res.AssetManager
W/dalvikvm(10491): 509: 0x41a2b9a0 java.lang.String "04000FD1"
W/dalvikvm(10491): 508: 0x414e5368 java.lang.Class
W/dalvikvm(10491): 507: 0x41a29988 byte[] (8192 elements)
W/dalvikvm(10491): 506: 0x41a29938 android.content.res.AssetManager$AssetInputStream
W/dalvikvm(10491): 505: 0x41a297c0 java.lang.String "kyra.dat"
W/dalvikvm(10491): 504: 0x414e5368 java.lang.Class
W/dalvikvm(10491): 503: 0x41a27610 byte[] (8192 elements)
W/dalvikvm(10491): 502: 0x41a275c0 android.content.res.AssetManager$AssetInputStream
W/dalvikvm(10491): Summary:
W/dalvikvm(10491): 129 of java.lang.Class (3 unique instances)
W/dalvikvm(10491): 125 of java.lang.String (124 unique instances)
W/dalvikvm(10491): 123 of byte[] (8192 elements) (123 unique instances)
W/dalvikvm(10491): 3 of java.io.FileDescriptor (3 unique instances)
W/dalvikvm(10491): 1 of java.lang.String[]
W/dalvikvm(10491): 1 of java.lang.String[] (1 elements)
W/dalvikvm(10491): 1 of java.lang.String[] (4 elements)
W/dalvikvm(10491): 3 of android.content.res.AssetFileDescriptor (3 unique instances)
W/dalvikvm(10491): 1 of android.content.res.AssetManager
W/dalvikvm(10491): 123 of android.content.res.AssetManager$AssetInputStream (123 unique instances)
W/dalvikvm(10491): 1 of com.google.android.gles_jni.EGLSurfaceImpl
W/dalvikvm(10491): 1 of org.scummvm.scummvm.ScummVMActivity$MyScummVM
E/dalvikvm(10491): Failed adding to JNI local ref table (has 512 entries)
I/dalvikvm(10491): "ScummVM" prio=5 tid=12 RUNNABLE
I/dalvikvm(10491): | group="main" sCount=0 dsCount=0 obj=0x418d9e10 self=0x72bdc668
I/dalvikvm(10491): | sysTid=10530 nice=19 sched=0/0 cgrp=apps handle=1925040824
I/dalvikvm(10491): | state=R schedstat=( 0 0 0 ) utm=932 stm=47 core=1
I/dalvikvm(10491): at android.content.res.AssetManager.openAssetFd(Native Method)
I/dalvikvm(10491): at android.content.res.AssetManager.openFd(AssetManager.java:353)
I/dalvikvm(10491): at org.scummvm.scummvm.ScummVM.main(Native Method)
I/dalvikvm(10491): at org.scummvm.scummvm.ScummVM.run(ScummVM.java:135)
I/dalvikvm(10491): at java.lang.Thread.run(Thread.java:856)
I/dalvikvm(10491):
E/dalvikvm(10491): VM aborting
F/libc (10491): Fatal signal 11 (SIGSEGV) at 0xdeadd00d (code=1), thread 10530 (ScummVM)
I/DEBUG ( 250): *** *** *** *** *** *** *** *** *** *** *** *** *** *** *** ***
I/DEBUG ( 250): Build fingerprint: 'Verizon/d2vzw/d2vzw:4.1.2/JZO54K/I535VRBMB1:user/release-keys'
I/DEBUG ( 250): Revision: '15'
I/DEBUG ( 250): pid: 10491, tid: 10530, name: ScummVM >>> org.scummvm.scummvm <<<
I/DEBUG ( 250): signal 11 (SIGSEGV), code 1 (SEGV_MAPERR), fault addr deadd00d
I/DEBUG ( 250): r0 00000000 r1 00000000 r2 deadd00d r3 00000000
I/DEBUG ( 250): r4 408fa1b0 r5 0000020c r6 72bdc668 r7 72bdc710
I/DEBUG ( 250): r8 416c0ed8 r9 6e7452c8 sl 72bdc678 fp 00000001
I/DEBUG ( 250): ip 00000001 sp 75752168 lr 4025d3ed pc 408919a4 cpsr 60070030
I/DEBUG ( 250): d0 0000000000000000 d1 0000000000000000
I/DEBUG ( 250): d2 0000000000000000 d3 0000000000000000
I/DEBUG ( 250): d4 419d0d00414e5368 d5 419d0ec8419d0e78
I/DEBUG ( 250): d6 419d3078414e5368 d7 419d3240419d31f0
I/DEBUG ( 250): d8 0000000000000000 d9 0000000000000000
I/DEBUG ( 250): d10 0000000000000000 d11 0000000000000000
I/DEBUG ( 250): d12 0000000000000000 d13 0000000000000000
I/DEBUG ( 250): d14 0000000000000000 d15 0000000000000000
I/DEBUG ( 250): d16 6e616c2e6176616a d17 6461657268542e67
I/DEBUG ( 250): d18 746e65746e6f632e d19 7373412e7365722e
I/DEBUG ( 250): d20 6567616e614d7465 d21 4974657373412472
I/DEBUG ( 250): d22 657274537475706e d23 2033323128206d61
I/DEBUG ( 250): d24 bebbbd316da104b0 d25 3fe3333333333303
I/DEBUG ( 250): d26 3fd55555518f264d d27 3fdb6db6db6fabff
I/DEBUG ( 250): d28 4000000000000000 d29 4008000000000000
I/DEBUG ( 250): d30 0000000000000000 d31 0000000000000000
I/DEBUG ( 250): scr 60000012
I/DEBUG ( 250):
I/DEBUG ( 250): backtrace:
I/DEBUG ( 250): #00 pc 000459a4 /system/lib/libdvm.so (dvmAbort+75)
I/DEBUG ( 250): #01 pc 00048af3 /system/lib/libdvm.so
I/DEBUG ( 250): #02 pc 0004d081 /system/lib/libdvm.so (dvmCallJNIMethod(unsigned int const*, JValue*, Method const*, Thread*)+112)
I/DEBUG ( 250): #03 pc 00027820 /system/lib/libdvm.so
I/DEBUG ( 250): #04 pc 0002b708 /system/lib/libdvm.so (dvmInterpret(Thread*, Method const*, JValue*)+176)
I/DEBUG ( 250): #05 pc 0005f9b9 /system/lib/libdvm.so (dvmCallMethodV(Thread*, Method const*, Object*, bool, JValue*, std::__va_list)+272)
I/DEBUG ( 250): #06 pc 0004c93f /system/lib/libdvm.so
I/DEBUG ( 250): #07 pc 0007cff8 /data/data/org.scummvm.scummvm/cache/libscummvm.so (_JNIEnv::CallObjectMethod(_jobject*, _jmethodID*, ...)+36)
I/DEBUG ( 250): #08 pc 00081cec /data/data/org.scummvm.scummvm/cache/libscummvm.so (AndroidAssetArchive::createReadStreamForMember(Common::String const&) const+64)
I/DEBUG ( 250): #09 pc 0017c93c /data/data/org.scummvm.scummvm/cache/libscummvm.so (Common::SearchSet::createReadStreamForMember(Common::String const&) const+72)
I/DEBUG ( 250): #10 pc 0017c93c /data/data/org.scummvm.scummvm/cache/libscummvm.so (Common::SearchSet::createReadStreamForMember(Common::String const&) const+72)
I/DEBUG ( 250): #11 pc 001063e4 /data/data/org.scummvm.scummvm/cache/libkyra.so (Kyra::StaticResource::prefetchId(int)+468)
I/DEBUG ( 250): #12 pc 001064f8 /data/data/org.scummvm.scummvm/cache/libkyra.so (Kyra::StaticResource::prefetchId(int)+744)
I/DEBUG ( 250): #13 pc 00107bcc /data/data/org.scummvm.scummvm/cache/libkyra.so (Kyra::StaticResource::tryKyraDatLoad()+1044)
I/DEBUG ( 250): #14 pc 00107e54 /data/data/org.scummvm.scummvm/cache/libkyra.so (Kyra::StaticResource::loadStaticResourceFile()+504)
I/DEBUG ( 250): #15 pc 0016d294 /data/data/org.scummvm.scummvm/cache/libkyra.so (Kyra::EoBCoreEngine::init()+788)
I/DEBUG ( 250): #16 pc 001738c0 /data/data/org.scummvm.scummvm/cache/libkyra.so (Kyra::DarkMoonEngine::init()+52)
I/DEBUG ( 250): #17 pc 00082bac /data/data/org.scummvm.scummvm/cache/libkyra.so (Kyra::KyraEngine_v1::run()+96)
I/DEBUG ( 250): #18 pc 00089424 /data/data/org.scummvm.scummvm/cache/libscummvm.so (scummvm_main+5396)
I/DEBUG ( 250): #19 pc 0007c864 /data/data/org.scummvm.scummvm/cache/libscummvm.so (JNI::main(_JNIEnv*, _jobject*, _jobjectArray*)+348)
I/DEBUG ( 250): #20 pc 0001e410 /system/lib/libdvm.so (dvmPlatformInvoke+112)
I/DEBUG ( 250): #21 pc 0004d19d /system/lib/libdvm.so (dvmCallJNIMethod(unsigned int const*, JValue*, Method const*, Thread*)+396)
I/DEBUG ( 250): #22 pc 00027820 /system/lib/libdvm.so
I/DEBUG ( 250): #23 pc 0002b708 /system/lib/libdvm.so (dvmInterpret(Thread*, Method const*, JValue*)+176)
I/DEBUG ( 250): #24 pc 0005f9b9 /system/lib/libdvm.so (dvmCallMethodV(Thread*, Method const*, Object*, bool, JValue*, std::__va_list)+272)
I/DEBUG ( 250): #25 pc 0005f9e3 /system/lib/libdvm.so (dvmCallMethod(Thread*, Method const*, Object*, JValue*, ...)+20)
I/DEBUG ( 250): #26 pc 00054543 /system/lib/libdvm.so
I/DEBUG ( 250): #27 pc 0000e418 /system/lib/libc.so (__thread_entry+72)
I/DEBUG ( 250): #28 pc 0000db08 /system/lib/libc.so (pthread_create+168)
I/DEBUG ( 250): #29 pc 00009054
I/DEBUG ( 250):
I/DEBUG ( 250): stack:
I/DEBUG ( 250): 75752128 00000001
I/DEBUG ( 250): 7575212c 402881b4 /system/lib/libc.so
I/DEBUG ( 250): 75752130 402881b4 /system/lib/libc.so
I/DEBUG ( 250): 75752134 402881b4 /system/lib/libc.so
I/DEBUG ( 250): 75752138 402881b4 /system/lib/libc.so
I/DEBUG ( 250): 7575213c 4025d3ed /system/lib/libc.so (__sflush_locked+36)
I/DEBUG ( 250): 75752140 4028824c /system/lib/libc.so
I/DEBUG ( 250): 75752144 402881b4 /system/lib/libc.so
I/DEBUG ( 250): 75752148 00000000
I/DEBUG ( 250): 7575214c 4025e3bd /system/lib/libc.so (_fwalk+32)
I/DEBUG ( 250): 75752150 408fa1b0 /system/lib/libdvm.so
I/DEBUG ( 250): 75752154 0000020c
I/DEBUG ( 250): 75752158 72bdc668
I/DEBUG ( 250): 7575215c 72bdc710
I/DEBUG ( 250): 75752160 df0027ad
I/DEBUG ( 250): 75752164 00000000
I/DEBUG ( 250): #00 75752168 00000000
I/DEBUG ( 250): 7575216c 6c756e28 /cache/dalvik-cache/system@framework@android.policy.jar@classes.dex
I/DEBUG ( 250): 75752170 0000296c
I/DEBUG ( 250): 75752174 00000000
I/DEBUG ( 250): 75752178 00000000
I/DEBUG ( 250): 7575217c 00000000
I/DEBUG ( 250): 75752180 00000000
I/DEBUG ( 250): 75752184 00000000
I/DEBUG ( 250): 75752188 00000000
I/DEBUG ( 250): 7575218c 00000000
I/DEBUG ( 250): 75752190 00000000
I/DEBUG ( 250): 75752194 00000000
I/DEBUG ( 250): 75752198 00000000
I/DEBUG ( 250): 7575219c 00000000
I/DEBUG ( 250): 757521a0 00000000
I/DEBUG ( 250): 757521a4 00000000
I/DEBUG ( 250): ........ ........
I/DEBUG ( 250): #01 75752380 0000004c
I/DEBUG ( 250): 75752384 6cc26b98 /dev/ashmem/dalvik-LinearAlloc (deleted)
I/DEBUG ( 250): 75752388 72bdc668
I/DEBUG ( 250): 7575238c 72cdaf2c
I/DEBUG ( 250): 75752390 00000002
I/DEBUG ( 250): 75752394 40899085 /system/lib/libdvm.so (dvmCallJNIMethod(unsigned int const*, JValue*, Method const*, Thread*)+116)
I/DEBUG ( 250): #02 75752398 403abcc9 /system/lib/libandroid_runtime.so
I/DEBUG ( 250): 7575239c 72bdc678
I/DEBUG ( 250): 757523a0 00000000
I/DEBUG ( 250): 757523a4 00000000
I/DEBUG ( 250): 757523a8 00000000
I/DEBUG ( 250): 757523ac 00000000
I/DEBUG ( 250): 757523b0 00000000
I/DEBUG ( 250): 757523b4 4028b228
I/DEBUG ( 250): 757523b8 00000000
I/DEBUG ( 250): 757523bc 4028b228
I/DEBUG ( 250): 757523c0 00000000
I/DEBUG ( 250): 757523c4 00000000
I/DEBUG ( 250): 757523c8 00000000
I/DEBUG ( 250): 757523cc 00000000
I/DEBUG ( 250): 757523d0 00000000
I/DEBUG ( 250): 757523d4 00000000
I/DEBUG ( 250): ........ ........
I/DEBUG ( 250):
I/DEBUG ( 250): memory near r4:
I/DEBUG ( 250): 408fa190 00000000 00000000 00000000 00000000
I/DEBUG ( 250): 408fa1a0 00000000 00000000 00000000 00000000
I/DEBUG ( 250): 408fa1b0 41443908 414438f8 00800000 20000000
I/DEBUG ( 250): 408fa1c0 0c000000 00000000 00000000 3fe80000
I/DEBUG ( 250): 408fa1d0 00200000 00800000 00004000 00006000
I/DEBUG ( 250): 408fa1e0 00000001 00000101 00000002 00000001
I/DEBUG ( 250): 408fa1f0 00000000 00000000 00000000 00000002
I/DEBUG ( 250): 408fa200 000001f4 4038ec49 4038f65d 00000000
I/DEBUG ( 250): 408fa210 4038ec35 00000000 00000000 00000000
I/DEBUG ( 250): 408fa220 41443b38 00000000 00000002 00000003
I/DEBUG ( 250): 408fa230 00000001 00000001 00010100 00000100
I/DEBUG ( 250): 408fa240 00000000 41443a68 00000003 00000000
I/DEBUG ( 250): 408fa250 41443a58 40046df8 00000000 00000000
I/DEBUG ( 250): 408fa260 40046460 50000b05 40003008 00000000
I/DEBUG ( 250): 408fa270 40007e80 40007ea0 414441e8 414442a8
I/DEBUG ( 250): 408fa280 41444350 414443f8 414444a0 41444548
I/DEBUG ( 250):
I/DEBUG ( 250): memory near r6:
I/DEBUG ( 250): 72bdc648 00000028 0000001b 416c5660 4028ac7c
I/DEBUG ( 250): 72bdc658 77656976 7365472e 65727574 00000453
I/DEBUG ( 250): 72bdc668 6e3df728 72cdaf2c 6cc275b0 6ec0e000
I/DEBUG ( 250): 72bdc678 419082a0 00000000 757524a8 00000000
I/DEBUG ( 250): 72bdc688 757524dc 0000000c 00000000 4086a580
I/DEBUG ( 250): 72bdc698 00000000 00000000 6bfb6870 72cd7300
I/DEBUG ( 250): 72bdc6a8 00000000 00000000 00000001 00004000
I/DEBUG ( 250): 72bdc6b8 00000000 72bdcab8 4086a580 4086f440
I/DEBUG ( 250): 72bdc6c8 00000000 4087353c 408735b0 40873460
I/DEBUG ( 250): 72bdc6d8 40873480 408734dc 00000000 00000000
I/DEBUG ( 250): 72bdc6e8 739dcf38 00000028 00000000 00000000
I/DEBUG ( 250): 72bdc6f8 00000000 00000000 00001ffd 408fa8d4
I/DEBUG ( 250): 72bdc708 414613e8 6cc26ce8 00000200 73623008
I/DEBUG ( 250): 72bdc718 00000001 00000200 00000200 00000004
I/DEBUG ( 250): 72bdc728 00000006 6e3def18 6e3def2c 00000001
I/DEBUG ( 250): 72bdc738 6e3df0c8 6ccf41b0 00000000 00000000
I/DEBUG ( 250):
I/DEBUG ( 250): memory near r7:
I/DEBUG ( 250): 72bdc6f0 00000000 00000000 00000000 00000000
I/DEBUG ( 250): 72bdc700 00001ffd 408fa8d4 414613e8 6cc26ce8
I/DEBUG ( 250): 72bdc710 00000200 73623008 00000001 00000200
I/DEBUG ( 250): 72bdc720 00000200 00000004 00000006 6e3def18
I/DEBUG ( 250): 72bdc730 6e3def2c 00000001 6e3df0c8 6ccf41b0
I/DEBUG ( 250): 72bdc740 00000000 00000000 00000000 00000000
I/DEBUG ( 250): 72bdc750 00000000 00000000 00000000 00000000
I/DEBUG ( 250): 72bdc760 00000000 00000000 b30852a4 00000000
I/DEBUG ( 250): 72bdc770 00000000 00000000 00000000 b2fbfcea
I/DEBUG ( 250): 72bdc780 b3098fc2 b30cbeec 00000000 00000000
I/DEBUG ( 250): 72bdc790 00000000 00000000 00000000 00000000
I/DEBUG ( 250): 72bdc7a0 00000000 00000000 00000000 b39c6641
I/DEBUG ( 250): 72bdc7b0 00000000 b32fc2c6 00000000 00000000
I/DEBUG ( 250): 72bdc7c0 00000005 00000001 00000000 00000000
I/DEBUG ( 250): 72bdc7d0 00000000 00000000 6cc26508 00000000
I/DEBUG ( 250): 72bdc7e0 000a0101 00000001 00000000 00000000
I/DEBUG ( 250):
I/DEBUG ( 250): memory near r8:
I/DEBUG ( 250): 416c0eb8 416bd798 00000000 00000001 2985ddbe
I/DEBUG ( 250): 416c0ec8 00000000 3f800000 00000000 0000004b
I/DEBUG ( 250): 416c0ed8 414613e8 00000060 00000000 00000000
I/DEBUG ( 250): 416c0ee8 416c0f48 416c10e0 416c3e38 416c0f70
I/DEBUG ( 250): 416c0ef8 00000000 416c3678 00000001 7341b030
I/DEBUG ( 250): 416c0f08 00000003 0000000a 00000001 00000000
I/DEBUG ( 250): 416c0f18 00000000 0000002b 41448ef0 00000000
I/DEBUG ( 250): 416c0f28 00000000 41449610 00000000 416c0ed8
I/DEBUG ( 250): 416c0f38 416c0208 416c11f0 00000000 0000002b
I/DEBUG ( 250): 416c0f48 41460900 00000000 00000000 00000000
I/DEBUG ( 250): 416c0f58 00000005 00000000 7f040000 00000002
I/DEBUG ( 250): 416c0f68 00000003 0000002b 41445aa0 00000000
I/DEBUG ( 250): 416c0f78 00000002 00000000 00107f38 00000000
I/DEBUG ( 250): 416c0f88 000aeed9 00000000 00000000 000000db
I/DEBUG ( 250): 416c0f98 414441e8 00000000 00000000 00000000
I/DEBUG ( 250): 416c0fa8 00000000 00000000 6e75b678 00000000
I/DEBUG ( 250):
I/DEBUG ( 250): memory near r9:
I/DEBUG ( 250): 6e7452a8 6e65746e 65722f74 6d582f73 7365526c
I/DEBUG ( 250): 6e7452b8 6372756f 72615065 3b726573 4c4c0300
I/DEBUG ( 250): 6e7452c8 6c0f004c 5864616f 654d6c6d 61446174
I/DEBUG ( 250): 6e7452d8 05006174 736f6c63 6e040065 00747865
I/DEBUG ( 250): 6e7452e8 74656707 656d614e 63611500 73736563
I/DEBUG ( 250): 6e7452f8 6c696269 2d797469 76726573 00656369
I/DEBUG ( 250): 6e745308 004c5a02 75716506 00736c61 726f4c27
I/DEBUG ( 250): 6e745318 6d782f67 6c75706c 31762f6c 6c6d582f
I/DEBUG ( 250): 6e745328 6c6c7550 73726150 78457265 74706563
I/DEBUG ( 250): 6e745338 3b6e6f69 654d3600 642d6174 20617461
I/DEBUG ( 250): 6e745348 73656f64 746f6e20 61747320 77207472
I/DEBUG ( 250): 6e745358 61687469 73656363 69626973 7974696c
I/DEBUG ( 250): 6e745368 7265732d 65636976 67617420 6e551e00
I/DEBUG ( 250): 6e745378 656c6261 206f7420 61657263 63206574
I/DEBUG ( 250): 6e745388 65746e6f 66207478 203a726f 614c1200
I/DEBUG ( 250): 6e745398 6f72646e 752f6469 2f6c6974 3b6c6d58
I/DEBUG ( 250):
I/DEBUG ( 250): memory near sl:
I/DEBUG ( 250): 72bdc658 77656976 7365472e 65727574 00000453
I/DEBUG ( 250): 72bdc668 6e3df728 72cdaf2c 6cc275b0 6ec0e000
I/DEBUG ( 250): 72bdc678 419082a0 00000000 757524a8 00000000
I/DEBUG ( 250): 72bdc688 757524dc 0000000c 00000000 4086a580
I/DEBUG ( 250): 72bdc698 00000000 00000000 6bfb6870 72cd7300
I/DEBUG ( 250): 72bdc6a8 00000000 00000000 00000001 00004000
I/DEBUG ( 250): 72bdc6b8 00000000 72bdcab8 4086a580 4086f440
I/DEBUG ( 250): 72bdc6c8 00000000 4087353c 408735b0 40873460
I/DEBUG ( 250): 72bdc6d8 40873480 408734dc 00000000 00000000
I/DEBUG ( 250): 72bdc6e8 739dcf38 00000028 00000000 00000000
I/DEBUG ( 250): 72bdc6f8 00000000 00000000 00001ffd 408fa8d4
I/DEBUG ( 250): 72bdc708 414613e8 6cc26ce8 00000200 73623008
I/DEBUG ( 250): 72bdc718 00000001 00000200 00000200 00000004
I/DEBUG ( 250): 72bdc728 00000006 6e3def18 6e3def2c 00000001
I/DEBUG ( 250): 72bdc738 6e3df0c8 6ccf41b0 00000000 00000000
I/DEBUG ( 250): 72bdc748 00000000 00000000 00000000 00000000
I/DEBUG ( 250):
I/DEBUG ( 250): memory near sp:
I/DEBUG ( 250): 75752148 00000000 4025e3bd 408fa1b0 0000020c
I/DEBUG ( 250): 75752158 72bdc668 72bdc710 df0027ad 00000000
I/DEBUG ( 250): 75752168 00000000 6c756e28 0000296c 00000000
I/DEBUG ( 250): 75752178 00000000 00000000 00000000 00000000
I/DEBUG ( 250): 75752188 00000000 00000000 00000000 00000000
I/DEBUG ( 250): 75752198 00000000 00000000 00000000 00000000
I/DEBUG ( 250): 757521a8 00000000 00000000 00000000 00000000
I/DEBUG ( 250): 757521b8 00000000 00000000 00000000 00000000
I/DEBUG ( 250): 757521c8 00000000 00000000 00000000 00000000
I/DEBUG ( 250): 757521d8 00000000 00000000 00000000 00000000
I/DEBUG ( 250): 757521e8 00000000 00000000 00000000 00000000
I/DEBUG ( 250): 757521f8 00000000 00000000 00000000 00000000
I/DEBUG ( 250): 75752208 00000000 00000000 00000000 00000000
I/DEBUG ( 250): 75752218 00000000 00000000 00000000 00000000
I/DEBUG ( 250): 75752228 00000000 00000000 00000000 00000000
I/DEBUG ( 250): 75752238 00000000 00000000 00000000 00000000
I/DEBUG ( 250):
I/DEBUG ( 250): code around pc:
I/DEBUG ( 250): 40891984 447a34cc e982f7d8 461d2300 b1525d1a
I/DEBUG ( 250): 40891994 18ad3301 7f00f5b3 e004d1f8 4a0a4798
I/DEBUG ( 250): 408919a4 f7d87015 490ce97a 4a0c2006 44794c0c
I/DEBUG ( 250): 408919b4 f7d8447a 447ce828 f7d82000 6de3e8c6
I/DEBUG ( 250): 408919c4 d1eb2b00 bf00e7eb deadd00d 0006418e
I/DEBUG ( 250): 408919d4 0006882c 0004923d 00048618 0004a45e
I/DEBUG ( 250): 408919e4 000687f2 4605b530 b08b4c15 462aa803
I/DEBUG ( 250): 408919f4 447c4914 68236824 93094479 f9c9f009
I/DEBUG ( 250): 40891a04 aa0a2100 1d20f842 f0099808 b958fded
I/DEBUG ( 250): 40891a14 462b9802 4a0d490c 20069000 447a4479
I/DEBUG ( 250): 40891a24 eff0f7d7 ff96f7ff f7f2a803 9a09ff79
I/DEBUG ( 250): 40891a34 428a6821 f7d8d001 b00be864 bf00bd30
I/DEBUG ( 250): 40891a44 000640fe 0004a422 000485aa 0004a405
I/DEBUG ( 250): 40891a54 1a55b5f8 4617460e 46041c69 eeacf7e5
I/DEBUG ( 250): 40891a64 696042b7 4631d004 f7d7462a 1940efd2
I/DEBUG ( 250): 40891a74 61202300 bdf87003 4604b538 6120460d
I/DEBUG ( 250):
I/DEBUG ( 250): code around lr:
I/DEBUG ( 250): 4025d3cc 447e4e08 68336836 f000b10b 4620fa4c
I/DEBUG ( 250): 4025d3dc ffccf7ff 68304605 4620b110 fa50f000
I/DEBUG ( 250): 4025d3ec bd704628 0002ab6e 4604b570 4811b928
I/DEBUG ( 250): 4025d3fc e8bd4478 f0004070 4e0fbfcb 6836447e
I/DEBUG ( 250): 4025d40c b10b6833 fa2ff000 f01089a0 d1060f18
I/DEBUG ( 250): 4025d41c fd6cf7f1 f04f2109 600135ff 4620e003
I/DEBUG ( 250): 4025d42c ffa4f7ff 68324605 4620b112 fa28f000
I/DEBUG ( 250): 4025d43c bd704628 ffffffc9 0002ab34 44794909
I/DEBUG ( 250): 4025d44c 680b6809 6843b963 2a001e5a da016042
I/DEBUG ( 250): 4025d45c bba6f001 f8116801 6001cb01 47704660
I/DEBUG ( 250): 4025d46c bff4f000 0002aaf2 47f0e92d 4f3e4604
I/DEBUG ( 250): 4025d47c 447f4688 683b683f f000b10b 6860f9f4
I/DEBUG ( 250): 4025d48c dc042800 f0014620 2800fad7 6826d15f
I/DEBUG ( 250): 4025d49c 6865210a 462a4630 fbdcf7fb 3001b168
I/DEBUG ( 250): 4025d4ac c00cf8b4 f8c81b81 68621000 5300f44c
I/DEBUG ( 250): 4025d4bc 1a5381a3 0009e884 4606e043 f1056ca0
I/DEBUG ( 250):
I/DEBUG ( 250): memory map around fault addr deadd00d:
I/DEBUG ( 250): be8dc000-be8fd000 [stack]
I/DEBUG ( 250): (no map for address)
I/DEBUG ( 250): ffff0000-ffff1000 [vectors]
I/BootReceiver( 658): Copying /data/tombstones/tombstone_04 to DropBox (SYSTEM_TOMBSTONE)
W/InputDispatcher( 658): channel '4261e330 org.scummvm.scummvm/org.scummvm.scummvm.ScummVMActivity (server)' ~ Consumer closed input channel or an error occurred. events=0x9
E/InputDispatcher( 658): channel '4261e330 org.scummvm.scummvm/org.scummvm.scummvm.ScummVMActivity (server)' ~ Channel is unrecoverably broken and will be disposed!
I/WindowState( 658): WIN DEATH: Window{4262a1b0 u0 SurfaceView}
I/ActivityManager( 658): Process org.scummvm.scummvm (pid 10491) has died.
W/ActivityManager( 658): Force removing ActivityRecord{421c40e8 u0 org.scummvm.scummvm/.ScummVMActivity}: app died, no saved state
D/Zygote ( 253): Process 10491 terminated by signal (11)
W/InputDispatcher( 658): Attempted to unregister already unregistered input channel '4261e330 org.scummvm.scummvm/org.scummvm.scummvm.ScummVMActivity (server)'
I/WindowState( 658): WIN DEATH: Window{4261e330 u0 org.scummvm.scummvm/org.scummvm.scummvm.ScummVMActivity}
D/dalvikvm( 658): GC_FOR_ALLOC freed 902K, 28% free 22148K/30392K, paused 143ms, total 143ms
I/InputReader( 658): Reconfiguring input devices. changes=0x00000004
I/InputReader( 658): Device reconfigured: id=14, name='sec_touchscreen', size 720x1280, orientation 0, mode 1, display id 0
I/ActivityManager( 658): Config changes=1480 {0.85 311mcc480mnc en_US ldltr sw360dp w360dp h615dp 320dpi nrml long port finger -keyb/v/h dpad/v s.19 themeResource=null} I/uk.co.jasonfry.android.tools.ui.PageControl( 1059): Initialising PageControl I/uk.co.jasonfry.android.tools.ui.PageControl( 1059): Initialising PageControl I/uk.co.jasonfry.android.tools.ui.PageControl( 1059): Initialising PageControl I/uk.co.jasonfry.android.tools.ui.PageControl( 1059): Initialising PageControl I/uk.co.jasonfry.android.tools.ui.PageControl( 1059): Initialising PageControl I/uk.co.jasonfry.android.tools.ui.SwipeView( 1059): Initialising SwipeView
D/setcpu ( 9672): Active Profile: Screen on
D/setcpu ( 9672): Priority: 20
D/setcpu ( 9672): Actions: [com.mhuang.overclocking.profiles.action.CpuFrequencyAction@416f7a78, com.mhuang.overclocking.profiles.action.CpuGovernorAction@416f9b60, com.mhuang.overclocking.profiles.action.IoSchedulerAction@416fb6c0]
D/setcpu ( 9672): Exclusive: true I/uk.co.jasonfry.android.tools.ui.SwipeView( 1059): Initialising SwipeView
W/InputMethodManagerService( 658): Got RemoteException sending setActive(false) notification to pid 10491 uid 10051 I/uk.co.jasonfry.android.tools.ui.SwipeView( 1059): Initialising SwipeView
D/BluetoothAdapter( 934): 1098783224: getState() : mService = null. Returning STATE_OFF I/uk.co.jasonfry.android.tools.ui.SwipeView( 1059): Initialising SwipeView I/uk.co.jasonfry.android.tools.ui.SwipeView( 1059): Initialising SwipeView
D/dalvikvm( 1059): GC_CONCURRENT freed 4434K, 42% free 11869K/20320K, paused 3ms+19ms, total 86ms
D/dalvikvm( 1059): GC_CONCURRENT freed 2438K, 38% free 12612K/20320K, paused 6ms+12ms, total 77ms
D/dalvikvm( 1059): WAIT_FOR_CONCURRENT_GC blocked 66ms I/uk.co.jasonfry.android.tools.ui.PageControl( 1059): Initialising PageControl I/uk.co.jasonfry.android.tools.ui.PageControl( 1059): Initialising PageControl I/uk.co.jasonfry.android.tools.ui.PageControl( 1059): Initialising PageControl I/uk.co.jasonfry.android.tools.ui.PageControl( 1059): Initialising PageControl I/uk.co.jasonfry.android.tools.ui.PageControl( 1059): Initialising PageControl I/uk.co.jasonfry.android.tools.ui.PageControl( 1059): Initialising PageControl I/uk.co.jasonfry.android.tools.ui.SwipeView( 1059): Initialising SwipeView I/uk.co.jasonfry.android.tools.ui.SwipeView( 1059): Initialising SwipeView I/uk.co.jasonfry.android.tools.ui.SwipeView( 1059): Initialising SwipeView I/uk.co.jasonfry.android.tools.ui.SwipeView( 1059): Initialising SwipeView I/uk.co.jasonfry.android.tools.ui.SwipeView( 1059): Initialising SwipeView I/uk.co.jasonfry.android.tools.ui.SwipeView( 1059): Initialising SwipeView
I/Choreographer( 1059): Skipped 83 frames! The application may be doing too much work on its main thread.
D/dalvikvm( 658): GC_EXPLICIT freed 594K, 28% free 21944K/30392K, paused 12ms+9ms, total 176ms
D/dalvikvm(10261): GC_CONCURRENT freed 1928K, 26% free 8090K/10920K, paused 7ms+2ms, total 75ms
W/IdleConnectionHandler( 7865): Removing a connection that never existed!